{"id":82,"date":"2014-05-03T00:50:07","date_gmt":"2014-05-02T23:50:07","guid":{"rendered":"http:\/\/shop.winckelmann-gesellschaft.com\/mitglieder\/produkt\/ulrike-peter-und-bernhard-weisser-eds-translatio-nummorum-roemische-kaiser-in-der-renaissance-akten-des-internationalen-symposiums-berlin-16-18-november-2011\/"},"modified":"2014-07-05T20:21:45","modified_gmt":"2014-07-05T19:21:45","slug":"ulrike-peter-und-bernhard-weisser-eds-translatio-nummorum-roemische-kaiser-in-der-renaissance-akten-des-internationalen-symposiums-berlin-16-18-november-2011","status":"publish","type":"product","link":"https:\/\/shop.winckelmann-gesellschaft.com\/mitglieder\/produkt\/ulrike-peter-und-bernhard-weisser-eds-translatio-nummorum-roemische-kaiser-in-der-renaissance-akten-des-internationalen-symposiums-berlin-16-18-november-2011\/","title":{"rendered":"Ulrike Peter und Bernhard Weisser (eds.), TRANSLATIO NUMMORUM. R\u00f6mische Kaiser in der Renaissance. Akten des internationalen Symposiums Berlin 16.\u201318. November 2011."},"content":{"rendered":"<p>Die Antiquare in der Renaissance erkannten die eminente Bedeutung der M\u00fcnzen f\u00fcr die Antikenforschung. Davon zeugen ihre Sammlungen, wichtige fr\u00fchneuzeitliche B\u00fccher, aufschlussreiche Briefwechsel und unedierte Manuskripte. Im Tagungsband werden die ikonische und heuristische Valenz der M\u00fcnzen f\u00fcr die Aneignung der antiken Zivilisationsgeschichte und Kultur sowie Fragen der Abbildung, Applikation, Transformation und Kontextualisierung von M\u00fcnzen und M\u00fcnzbildern er\u00f6rtert. Durch die Verkn\u00fcpfung numismatischer und kunsthistorischer Forschungsans\u00e4tze unter vergleichenden Gesichtspunkten wird ein Beitrag zur Wissenschaftsgeschichte der antiquarischen Forschung geleistet.<\/p>\n","protected":false},"excerpt":{"rendered":"<p>Cyriacus. Studien zur Rezeption der Antike. Band 3<br \/>\nVerlag Franz Philipp Rutzen Ruhpolding 2013.<br \/>\nFormat 21 x 30 cm, 360 S. mit 353 Abb., davon 30 in Farbe, Pappband<br \/>\nISBN 3-447-06902-1<br \/>\n75,00 \u20ac (f\u00fcr Mitglieder: 52,50 \u20ac)<\/p>\n","protected":false},"featured_media":83,"comment_status":"open","ping_status":"closed","template":"","meta":[],"_links":{"self":[{"href":"https:\/\/shop.winckelmann-gesellschaft.com\/mitglieder\/wp-json\/wp\/v2\/product\/82"}],"collection":[{"href":"https:\/\/shop.winckelmann-gesellschaft.com\/mitglieder\/wp-json\/wp\/v2\/product"}],"about":[{"href":"https:\/\/shop.winckelmann-gesellschaft.com\/mitglieder\/wp-json\/wp\/v2\/types\/product"}],"replies":[{"embeddable":true,"href":"https:\/\/shop.winckelmann-gesellschaft.com\/mitglieder\/wp-json\/wp\/v2\/comments?post=82"}],"wp:featuredmedia":[{"embeddable":true,"href":"https:\/\/shop.winckelmann-gesellschaft.com\/mitglieder\/wp-json\/wp\/v2\/media\/83"}],"wp:attachment":[{"href":"https:\/\/shop.winckelmann-gesellschaft.com\/mitglieder\/wp-json\/wp\/v2\/media?parent=82"}],"curies":[{"name":"wp","href":"https:\/\/api.w.org\/{rel}","templated":true}]}}