{"id":74,"date":"2014-03-30T01:03:16","date_gmt":"2014-03-30T00:03:16","guid":{"rendered":"http:\/\/shop.winckelmann-gesellschaft.com\/mitglieder\/produkt\/johann-joachim-winckelmann-schriften-zur-antiken-baukunst\/"},"modified":"2016-07-17T21:52:53","modified_gmt":"2016-07-17T20:52:53","slug":"johann-joachim-winckelmann-schriften-zur-antiken-baukunst","status":"publish","type":"product","link":"https:\/\/shop.winckelmann-gesellschaft.com\/mitglieder\/produkt\/johann-joachim-winckelmann-schriften-zur-antiken-baukunst\/","title":{"rendered":"Johann Joachim Winckelmann: Schriften zur antiken Baukunst."},"content":{"rendered":"<p>Anmerkungen \u00fcber die Baukunst der alten Tempel zu Girgenti in Sicilien. Anmerkungen \u00fcber die Baukunst der Alten. Fragment einer neuen Bearbeitung der Anmerkungen \u00fcber die Baukunst der Alten sowie zeitgen\u00f6ssische Rezensionen. Bearb. von Marianne Gross, Max Kunze, Wolfram Maharam und Axel R\u00fcgler.<\/p>\n","protected":false},"excerpt":{"rendered":"<p>J. J. Winckelmann. Schriften und Nachla\u00df, Bd. 3<br \/>\nVerlag Philipp von Zabern Mainz 2001.<br \/>\nHrsg. Max Kunze, Adolf H. Borbein<br \/>\nXXXX, 332 S., 32 Tafeln, Abb.<br \/>\nISBN 3-8053-2719-6<br \/>\n64,00 \u20ac (f\u00fcr Mitglieder: 45,50 \u20ac)<\/p>\n","protected":false},"featured_media":333,"comment_status":"open","ping_status":"closed","template":"","meta":[],"_links":{"self":[{"href":"https:\/\/shop.winckelmann-gesellschaft.com\/mitglieder\/wp-json\/wp\/v2\/product\/74"}],"collection":[{"href":"https:\/\/shop.winckelmann-gesellschaft.com\/mitglieder\/wp-json\/wp\/v2\/product"}],"about":[{"href":"https:\/\/shop.winckelmann-gesellschaft.com\/mitglieder\/wp-json\/wp\/v2\/types\/product"}],"replies":[{"embeddable":true,"href":"https:\/\/shop.winckelmann-gesellschaft.com\/mitglieder\/wp-json\/wp\/v2\/comments?post=74"}],"wp:featuredmedia":[{"embeddable":true,"href":"https:\/\/shop.winckelmann-gesellschaft.com\/mitglieder\/wp-json\/wp\/v2\/media\/333"}],"wp:attachment":[{"href":"https:\/\/shop.winckelmann-gesellschaft.com\/mitglieder\/wp-json\/wp\/v2\/media?parent=74"}],"curies":[{"name":"wp","href":"https:\/\/api.w.org\/{rel}","templated":true}]}}