{"id":66,"date":"2014-04-30T12:00:55","date_gmt":"2014-04-30T11:00:55","guid":{"rendered":"http:\/\/shop.winckelmann-gesellschaft.com\/mitglieder\/produkt\/homer-im-18-jahrhundert\/"},"modified":"2014-07-05T21:07:45","modified_gmt":"2014-07-05T20:07:45","slug":"homer-im-18-jahrhundert","status":"publish","type":"product","link":"https:\/\/shop.winckelmann-gesellschaft.com\/mitglieder\/produkt\/homer-im-18-jahrhundert\/","title":{"rendered":"Homer im 18. Jahrhundert"},"content":{"rendered":"<p>Die Wirkungen Homers auf die moderne Literatur seit ihrer Wiederentdeckung im abendl\u00e4ndischen Europa, auf die K\u00fcnste und ebenso die daran gewendete wissenschaftliche Arbeit im europ\u00e4ischen Umkreis \u2013 und nicht allein in diesem \u2013 und auch nur in den deutschsprachigen L\u00e4ndern in allen Einzelheiten zu \u00fcberschauen und darzustellen, d\u00fcrfte wohl in absehbarer Zeit kaum zu erreichen sein. So bleibt vorderhand nur, ein solches Gesamtbild st\u00fcckweise anzuvisieren. Dazu sind nach wie vor vielf\u00e4ltige Einzeluntersuchungen notwendig. Dieser Aufgabe widmete sich ein Kolloquium der Winckelmann-Gesellschaft vom 10. bis 12. Dezember 1999 in Stendal unter dem Thema \u201eHomer im 18. Jahrhundert\u201c. Die dort gehaltenen Vortr\u00e4ge werden auf den folgenden Seiten im Druck vorgelegt.<\/p>\n","protected":false},"excerpt":{"rendered":"<p>Schriften der Winckelmann-Gesellschaft Band XXIX.<br \/>\nHrsg. der Reihe: Max Kunze Hrsg. des Bandes: J\u00fcrgen Dummer \u2020 und Volker Riedel. 2012,<br \/>\n220 Seiten mit 44 Schwarzwei\u00dfabbildungen.<br \/>\nISBN 978-3-910060-77-3<br \/>\n30 \u20ac (f\u00fcr Mitglieder: 15 \u20ac)<\/p>\n","protected":false},"featured_media":70,"comment_status":"open","ping_status":"closed","template":"","meta":[],"_links":{"self":[{"href":"https:\/\/shop.winckelmann-gesellschaft.com\/mitglieder\/wp-json\/wp\/v2\/product\/66"}],"collection":[{"href":"https:\/\/shop.winckelmann-gesellschaft.com\/mitglieder\/wp-json\/wp\/v2\/product"}],"about":[{"href":"https:\/\/shop.winckelmann-gesellschaft.com\/mitglieder\/wp-json\/wp\/v2\/types\/product"}],"replies":[{"embeddable":true,"href":"https:\/\/shop.winckelmann-gesellschaft.com\/mitglieder\/wp-json\/wp\/v2\/comments?post=66"}],"wp:featuredmedia":[{"embeddable":true,"href":"https:\/\/shop.winckelmann-gesellschaft.com\/mitglieder\/wp-json\/wp\/v2\/media\/70"}],"wp:attachment":[{"href":"https:\/\/shop.winckelmann-gesellschaft.com\/mitglieder\/wp-json\/wp\/v2\/media?parent=66"}],"curies":[{"name":"wp","href":"https:\/\/api.w.org\/{rel}","templated":true}]}}