{"id":427,"date":"2020-10-29T11:08:07","date_gmt":"2020-10-29T10:08:07","guid":{"rendered":"https:\/\/shop.winckelmann-gesellschaft.com\/mitglieder\/?post_type=product&#038;p=427"},"modified":"2020-10-29T11:38:25","modified_gmt":"2020-10-29T10:38:25","slug":"versuch-einer-allegorie-besonders-fuer-die-kunst","status":"publish","type":"product","link":"https:\/\/shop.winckelmann-gesellschaft.com\/mitglieder\/produkt\/versuch-einer-allegorie-besonders-fuer-die-kunst\/","title":{"rendered":"Versuch einer Allegorie, besonders f\u00fcr die Kunst"},"content":{"rendered":"<p>1766 erschien in Dresden Winckelmanns &#8220; Versuch einer Allegorie, besonders f\u00fcr die Kunst&#8220;. Seine ein Jahr vor den &#8222;Monumenti antichi inediti&#8220; publizierte Allegorieschrift widmet sich ikonographisch-hermeneutischen Inhalten und ist somit nicht nur mit diesem Werk eng verbunden, sondern zeigt inhaltlich-sachliche Zusammenh\u00e4nge zur &#8222;Description des pierres grav\u00e8es du feu Baron de Stosch&#8220; sowie zu Winckelmanns Hauptwerk, der &#8222;Geschichte der Kunst des Altertums&#8220;. \u00dcber einen langen Entstehungszeitraum hinweg fortgef\u00fchrt, greift Winckelmann in der Allegorieschrift \u00fcberdies Gedanken  auf, die er bereits in den Fr\u00fchschriften angeregt hatte. Die Textgrundlage des vorliegenden Bandes bildet der Erstdruck der Allegorieschrift von 1766. Sie erscheint hier erstmals in einer historisch-kritischen Edition in deutscher Sprache. Diese eigenh\u00e4ndigen Erg\u00e4nzungen und Korrekturen Winckelmanns, die dieser in sein heute verschollenes Handexemplar der &#8222;Allegorie&#8220; eingetragen hatte, publizierte Albert Dressel, ohne die verschiedenen Textqualit\u00e4ten zu differenzieren, in seiner &#8222;S\u00e4cularausgabe&#8220; von 1866.<\/p>\n","protected":false},"excerpt":{"rendered":"<p>Versuch einer Allegorie, besonders f\u00fcr die Kunst<br \/>\nText und Kommentar, HerausgeberAdolf H. Borbein, Max Kunze und Axel R\u00fcgler<br \/>\nVerlag Philipp von Zabern, LIV, 580 Seiten und zahlreiche Schwarzwei\u00dfabbildungen, Hardcover<br \/>\nISBN 978-3-805-35272-7<\/p>\n","protected":false},"featured_media":428,"comment_status":"open","ping_status":"closed","template":"","meta":[],"_links":{"self":[{"href":"https:\/\/shop.winckelmann-gesellschaft.com\/mitglieder\/wp-json\/wp\/v2\/product\/427"}],"collection":[{"href":"https:\/\/shop.winckelmann-gesellschaft.com\/mitglieder\/wp-json\/wp\/v2\/product"}],"about":[{"href":"https:\/\/shop.winckelmann-gesellschaft.com\/mitglieder\/wp-json\/wp\/v2\/types\/product"}],"replies":[{"embeddable":true,"href":"https:\/\/shop.winckelmann-gesellschaft.com\/mitglieder\/wp-json\/wp\/v2\/comments?post=427"}],"wp:featuredmedia":[{"embeddable":true,"href":"https:\/\/shop.winckelmann-gesellschaft.com\/mitglieder\/wp-json\/wp\/v2\/media\/428"}],"wp:attachment":[{"href":"https:\/\/shop.winckelmann-gesellschaft.com\/mitglieder\/wp-json\/wp\/v2\/media?parent=427"}],"curies":[{"name":"wp","href":"https:\/\/api.w.org\/{rel}","templated":true}]}}