{"id":417,"date":"2020-06-03T12:38:00","date_gmt":"2020-06-03T11:38:00","guid":{"rendered":"https:\/\/shop.winckelmann-gesellschaft.com\/mitglieder\/?post_type=product&#038;p=417"},"modified":"2020-06-03T12:38:00","modified_gmt":"2020-06-03T11:38:00","slug":"stendal-und-das-winckelmann-denkmal","status":"publish","type":"product","link":"https:\/\/shop.winckelmann-gesellschaft.com\/mitglieder\/produkt\/stendal-und-das-winckelmann-denkmal\/","title":{"rendered":"STENDAL UND DAS WINCKELMANN-DENKMAL"},"content":{"rendered":"<p>In beruflich unruhigen und wenig erfolgreichen Monaten des Jahres 1859 blieb Theodor Fontane genug Zeit, neue, auch langfristige Projekte in Angriff zu nehmen. Dazu geh\u00f6rten die \u201eWanderungen durch die Mark Brandenburg\u201c, ein Projekt, mit dem er sich bereits Jahre zuvor in England befasst hatte. Die Altmarkerkundung begann am 22. September 1859. F\u00fcnf Tage, bis zum 27. September 1859, bereiste er die wichtigen St\u00e4dte der Altmark (und Prignitz): Havelberg, Werben, Seehausen, Stendal, Tangerm\u00fcnde, Jerichow und Salzwedel standen auf ihrem Programm.<\/p>\n<p>Durchaus kritisch betrachtete Fontane die betr\u00e4chtliche r\u00e4umliche Dimension des neuen \u201eWinkelmann-Platzes\u201c f\u00fcr das Standbild, das sich gegen\u00fcber dem Stendaler Roland vor dem Rathaus klein und bescheiden ausnimmt. Auff\u00e4lligkeit ist, dass er die Pers\u00f6nlichkeit Winckelmanns mit keinem Satz behandelt. Die allgemeine Bekanntheit des Begr\u00fcnders der Klassischen Arch\u00e4ologie<\/p>\n<p>und modernen Kunstgeschichte wird vorausgesetzt und seine Leistung durch den Vergleich mit dem riesigen Roland eher ironisch umschrieben: \u201eaber das Ansehen der Kunstgeschichte ist nur mit M\u00fche und Noth zu einem 7 Fu\u00df hohen B\u00e4umchen emporgewachsen, das den Namen tr\u00e4gt: \u201eDie Winckelmann-Statue\u201c<\/p>\n","protected":false},"excerpt":{"rendered":"<p>Verkaufspreis: 9,50 EUR<\/p>\n<p>Theodor Fontane<br \/>\nStendal und das Winckelmann-Denkmal<br \/>\nHerausgegen von Max Kunze<br \/>\n2020 Winckelmann-Gesellschaft Stendal und Verlag Franz Philipp Rutzen<br \/>\n72 Seiten mit 33 Farb- und Schwarzwei\u00dfabbildungen<br \/>\nISBN: 978-3-9821628-0-5,<\/p>\n<p>(alle Preise inkl. gesetzl. MWSt.)<\/p>\n","protected":false},"featured_media":418,"comment_status":"open","ping_status":"closed","template":"","meta":[],"_links":{"self":[{"href":"https:\/\/shop.winckelmann-gesellschaft.com\/mitglieder\/wp-json\/wp\/v2\/product\/417"}],"collection":[{"href":"https:\/\/shop.winckelmann-gesellschaft.com\/mitglieder\/wp-json\/wp\/v2\/product"}],"about":[{"href":"https:\/\/shop.winckelmann-gesellschaft.com\/mitglieder\/wp-json\/wp\/v2\/types\/product"}],"replies":[{"embeddable":true,"href":"https:\/\/shop.winckelmann-gesellschaft.com\/mitglieder\/wp-json\/wp\/v2\/comments?post=417"}],"wp:featuredmedia":[{"embeddable":true,"href":"https:\/\/shop.winckelmann-gesellschaft.com\/mitglieder\/wp-json\/wp\/v2\/media\/418"}],"wp:attachment":[{"href":"https:\/\/shop.winckelmann-gesellschaft.com\/mitglieder\/wp-json\/wp\/v2\/media?parent=417"}],"curies":[{"name":"wp","href":"https:\/\/api.w.org\/{rel}","templated":true}]}}