{"id":402,"date":"2019-11-01T15:30:05","date_gmt":"2019-11-01T14:30:05","guid":{"rendered":"https:\/\/shop.winckelmann-gesellschaft.com\/mitglieder\/?post_type=product&#038;p=402"},"modified":"2019-11-01T15:30:05","modified_gmt":"2019-11-01T14:30:05","slug":"winckelmann-und-mengs-im-portraet-drei-briefe-johann-friedrich-reiffensteins-an-die-kasseler-altertuemergesellschaft","status":"publish","type":"product","link":"https:\/\/shop.winckelmann-gesellschaft.com\/mitglieder\/produkt\/winckelmann-und-mengs-im-portraet-drei-briefe-johann-friedrich-reiffensteins-an-die-kasseler-altertuemergesellschaft\/","title":{"rendered":"WINCKELMANN UND MENGS IM PORTR\u00c4T. DREI BRIEFE JOHANN FRIEDRICH REIFFENSTEINS AN DIE KASSELER ALTERT\u00dcMERGESELLSCHAFT"},"content":{"rendered":"<p>\u201c \u2026 denn wenn Winckelmann lebte, dann h\u00e4tte er es verdient, aufgrund der Weite seines Wissens und ebenso wegen seiner umfassenden Kenntnisse, der Pr\u00e4sident einer jeden der Altert\u00fcmergesellschaften zu sein , die in seiner Heimat entrichtet wurden\u2026\u201c<br \/>\n(J.F. Reiffenstein, 21. August 1778<\/p>\n","protected":false},"excerpt":{"rendered":"<p>Akzidenzen 21<br \/>\nFlugbl\u00e4tter der Winckelmann-Gesellschaft<br \/>\nStendal 2019<br \/>\nHersg. von Max Kunze<br \/>\n48 Seiten mit 7 Schwarzwei\u00dfabbildungen<br \/>\nISBN 978-3-910060-98-2<\/p>\n<p>(alle Preise inklusive gesetzl. MwSt)<\/p>\n","protected":false},"featured_media":403,"comment_status":"open","ping_status":"closed","template":"","meta":[],"_links":{"self":[{"href":"https:\/\/shop.winckelmann-gesellschaft.com\/mitglieder\/wp-json\/wp\/v2\/product\/402"}],"collection":[{"href":"https:\/\/shop.winckelmann-gesellschaft.com\/mitglieder\/wp-json\/wp\/v2\/product"}],"about":[{"href":"https:\/\/shop.winckelmann-gesellschaft.com\/mitglieder\/wp-json\/wp\/v2\/types\/product"}],"replies":[{"embeddable":true,"href":"https:\/\/shop.winckelmann-gesellschaft.com\/mitglieder\/wp-json\/wp\/v2\/comments?post=402"}],"wp:featuredmedia":[{"embeddable":true,"href":"https:\/\/shop.winckelmann-gesellschaft.com\/mitglieder\/wp-json\/wp\/v2\/media\/403"}],"wp:attachment":[{"href":"https:\/\/shop.winckelmann-gesellschaft.com\/mitglieder\/wp-json\/wp\/v2\/media?parent=402"}],"curies":[{"name":"wp","href":"https:\/\/api.w.org\/{rel}","templated":true}]}}