{"id":393,"date":"2019-06-09T11:00:18","date_gmt":"2019-06-09T10:00:18","guid":{"rendered":"https:\/\/shop.winckelmann-gesellschaft.com\/mitglieder\/?post_type=product&#038;p=393"},"modified":"2019-06-09T11:00:47","modified_gmt":"2019-06-09T10:00:47","slug":"niemand-kann-den-mann-hoeher-schaetzen-als-ich-winckelmann-lessing","status":"publish","type":"product","link":"https:\/\/shop.winckelmann-gesellschaft.com\/mitglieder\/produkt\/niemand-kann-den-mann-hoeher-schaetzen-als-ich-winckelmann-lessing\/","title":{"rendered":"Niemand kann den Mann h\u00f6her sch\u00e4tzen als ich  Winckelmann und Lessing"},"content":{"rendered":"<p>Der Katalog begleitet die Ausstellung in Kamenz (5.7.\u201328.10.2018) und in Stendal (8.12.2018\u201331.3.2019). Er beleuchtet die Leistung beider Gelehrten f\u00fcr die Altertumskunde, ihre Wertsch\u00e4tzung und kritische Auseinandersetzung miteinander. Ein Hauptkapitel ist Lessings Besch\u00e4ftigung mit den Winckelmanns Schriften gewidmet. Seine Auseinandersetzung mit dessen Thesen verdeutlicht das Aufeinandertreffen von zwei verschiedenen methodischen Betrachtungsweisen der \u00fcberlieferten Antiken. Dar\u00fcber hinaus wird Lessings Kontroverse mit dem Hallenser Professor Christian Adolf Klotz behandelt, ein Themenkomplex, der erstmals Gegenstand einer Sonderausstellung ist. Die Kooperation der beiden Personalmuseen gestattet eine Betrachtung der Beziehungen der beiden Gelehrten sowohl aus Winckelmannscher als auch aus Lessingscher Perspektive, erm\u00f6glicht auch durch die Einbeziehung verschiedener Fachgebiete.<\/p>\n","protected":false},"excerpt":{"rendered":"<p>Ausstellungskatalog Kamenz und Stendal, hrsg. von Sylke Kaufmann und Max Kunze, mit Beitr\u00e4gen von Stephanie-Gerrit Bruer, Matthias Hanke, Sylke Kaufmann, Max Kunze, Carsta Off, Kathrin Schade u.a. 244 Seiten mit 129 Abbildungen, Broschur, f\u00fcr Mitglieder der Winckelmann-Gesellschaft: 15,00 \u20ac ISBN 978-3-910046-70-2<\/p>\n","protected":false},"featured_media":394,"comment_status":"open","ping_status":"closed","template":"","meta":[],"_links":{"self":[{"href":"https:\/\/shop.winckelmann-gesellschaft.com\/mitglieder\/wp-json\/wp\/v2\/product\/393"}],"collection":[{"href":"https:\/\/shop.winckelmann-gesellschaft.com\/mitglieder\/wp-json\/wp\/v2\/product"}],"about":[{"href":"https:\/\/shop.winckelmann-gesellschaft.com\/mitglieder\/wp-json\/wp\/v2\/types\/product"}],"replies":[{"embeddable":true,"href":"https:\/\/shop.winckelmann-gesellschaft.com\/mitglieder\/wp-json\/wp\/v2\/comments?post=393"}],"wp:featuredmedia":[{"embeddable":true,"href":"https:\/\/shop.winckelmann-gesellschaft.com\/mitglieder\/wp-json\/wp\/v2\/media\/394"}],"wp:attachment":[{"href":"https:\/\/shop.winckelmann-gesellschaft.com\/mitglieder\/wp-json\/wp\/v2\/media?parent=393"}],"curies":[{"name":"wp","href":"https:\/\/api.w.org\/{rel}","templated":true}]}}