{"id":366,"date":"2017-03-31T21:03:07","date_gmt":"2017-03-31T20:03:07","guid":{"rendered":"http:\/\/shop.winckelmann-gesellschaft.com\/mitglieder\/produkt\/max-kunze-und-konstantin-lappo-danilevskij-eds-antike-und-klassizismus-winckelmanns-erbe-in-russland\/"},"modified":"2017-03-31T21:04:47","modified_gmt":"2017-03-31T20:04:47","slug":"max-kunze-und-konstantin-lappo-danilevskij-eds-antike-und-klassizismus-winckelmanns-erbe-in-russland","status":"publish","type":"product","link":"https:\/\/shop.winckelmann-gesellschaft.com\/mitglieder\/produkt\/max-kunze-und-konstantin-lappo-danilevskij-eds-antike-und-klassizismus-winckelmanns-erbe-in-russland\/","title":{"rendered":"Max Kunze und Konstantin Lappo-Danilevskij (eds.): ANTIKE UND KLASSIZISMUS \u2013 WINCKELMANNS ERBE IN RUSSLAND"},"content":{"rendered":"<p>Unter dem Titel \u201eAntike und Klassizismus \u2013 Winckelmanns Erbe in Russland\u201c fand vom 30. September bis 1. Oktober 2015 in Sankt Petersburg ein internationales wissenschaftliches Kolloquium statt, veranstaltet von der Winckelmann-Gesellschaft in Zusammenarbeit mit dem Institut f\u00fcr russische Literatur der Akademie (Puschkin-Haus), der Antikensammlung der Eremitage und dem Russischen Germanistenverband. Der Tagungs-band befasst sich mit der Winckelmann-Rezeption in der Arch\u00e4ologie, Kunst- und Literaturwissenschaft, die in Russland seit Katharina II. sichtbar wird. Die bedeutenden Antikensammlungen und die Abguss-Sammlung antiker Plastik entstanden in dieser Zeit. Die ins Russische \u00fcbersetzten Werke Winckelmanns waren \u00fcberdies f\u00fcr die russische Literatur, Lyrik und Prosa wie auch f\u00fcr die zeitgen\u00f6ssische Kunstkritik von gro\u00dfer Bedeutung. Besondere Beachtung gilt dem wiedergefundenen St. Petersburger Manuskript J.J. Winckelmanns den \u201eGedanken \u00fcber die Nachahmung der griechischen Werke in der Malerei und Bildhauerkunst\u201c, das in dem Beitrag von Max Kunze vorgestellt wird.<\/p>\n","protected":false},"excerpt":{"rendered":"<p>Cyriacus. Studien zur Rezeption der Antike. Band 10<br \/>\nVerlag Franz Philipp Rutzen Ruhpolding 2016.<br \/>\n304 Seiten mit \u00fcber 400 s\/w-Abbildungen, 16 Farbtafeln, Format 21 \u00d7 30 cm, Klappenbroschur<br \/>\nISBN 978-3-447-10530-9<br \/>\n68,00 \u20ac (f\u00fcr Mitglieder: 40,00 \u20ac)<\/p>\n","protected":false},"featured_media":367,"comment_status":"open","ping_status":"closed","template":"","meta":[],"_links":{"self":[{"href":"https:\/\/shop.winckelmann-gesellschaft.com\/mitglieder\/wp-json\/wp\/v2\/product\/366"}],"collection":[{"href":"https:\/\/shop.winckelmann-gesellschaft.com\/mitglieder\/wp-json\/wp\/v2\/product"}],"about":[{"href":"https:\/\/shop.winckelmann-gesellschaft.com\/mitglieder\/wp-json\/wp\/v2\/types\/product"}],"replies":[{"embeddable":true,"href":"https:\/\/shop.winckelmann-gesellschaft.com\/mitglieder\/wp-json\/wp\/v2\/comments?post=366"}],"wp:featuredmedia":[{"embeddable":true,"href":"https:\/\/shop.winckelmann-gesellschaft.com\/mitglieder\/wp-json\/wp\/v2\/media\/367"}],"wp:attachment":[{"href":"https:\/\/shop.winckelmann-gesellschaft.com\/mitglieder\/wp-json\/wp\/v2\/media?parent=366"}],"curies":[{"name":"wp","href":"https:\/\/api.w.org\/{rel}","templated":true}]}}