{"id":335,"date":"2016-05-21T08:09:37","date_gmt":"2016-05-21T07:09:37","guid":{"rendered":"http:\/\/shop.winckelmann-gesellschaft.com\/mitglieder\/produkt\/feuilles-de-memoire-un-carnet-de-dessins-florentins-du-louvre-de-lacademie-du-dessin-a-filippo-baldinucci\/"},"modified":"2016-05-21T08:11:18","modified_gmt":"2016-05-21T07:11:18","slug":"feuilles-de-memoire-un-carnet-de-dessins-florentins-du-louvre-de-lacademie-du-dessin-a-filippo-baldinucci","status":"publish","type":"product","link":"https:\/\/shop.winckelmann-gesellschaft.com\/mitglieder\/produkt\/feuilles-de-memoire-un-carnet-de-dessins-florentins-du-louvre-de-lacademie-du-dessin-a-filippo-baldinucci\/","title":{"rendered":"Feuilles de m\u00e9moire: un carnet de dessins florentins du Louvre. De l\u2019Acad\u00e9mie du dessin \u00e0 Filippo Baldinucci"},"content":{"rendered":"<p>Jacqueline Biscontin Lalande, mit Beitr\u00e4gen von Catherine Monbeig Goguel und Ariane de la Chapelle<\/p>\n<p>Die vorliegende Studie pr\u00e4sentiert 59 Zeichnungsbl\u00e4tter, die im d\u00e9partement des Arts graphique du Mus\u00e9e du Louvre unter der Inv. 954 bis 1011 (z. T. recto und verso) aufbewahrt werden.<br \/>\nDie Autorinnen verorten die Entstehung der Zeichnungen im Umfeld der Accademia del Disegno, Giorgio Vasaris und besonders Don Vincenzio Borghinis und seiner Scuola dell\u2019Ospedale. Sie identifizieren das Skizzenbuch als \u201eborghinische\u201c Serie, die aus den feuilles de m\u00e9moire hervorgegangen ist und ein glaubw\u00fcrdiges und reales Zeugnis des Ideals darstellt, das der luogotenente der Zeichnung zugeschrieben hatte: das des mantenere la memoria.<br \/>\nDas heute aufgel\u00f6ste carnet des Filippo Baldinucci war lange Zeit Jacopo da Pontormo zugeschrieben. C. Monbeig Goguel korrigierte ihre eigene Zuschreibung an Jacopo Zucchi (1972) zugunsten von Sebastiano Vini (1992) \u2013 eine These, die Monbeig Goguel in ihrem Beitrag zu diesem Buch weiterentwickelt. Das Skizzenbuch wird in die zweite H\u00e4lfte des 16. Jahrhunderts datiert. Die technischen Untersuchungen von A. de la Chapelle best\u00e4tigen die toskanisch-florentinische Herkunft und Einheit als Skizzenbuch.<br \/>\nDas gesamte Zeichnungskonvolut besteht aus Kopien. J. Biscontin identifiziert in ihrem detaillierten Katalog der Zeichnungen erstmals die dargestellten Motive (antike und moderne): die Bandbreite reicht von \u00fcberwiegend ornamentalen Sujets \u00fcber Fig\u00fcrliches bis hin zu Architektur. Nahezu alle Motive, insgesamt 265, wurden identifiziert. Verbindungen zwischen den Zeichnungen des carnet und denjenigen anderer Sammlungen k\u00f6nnen u. a. f\u00fcr die Codices OZ 111 in Berlin, Zichy in Budapest, Barberini im Vatikan, Escurialensis, Destailleur-Polofzoff A und B, f\u00fcr das Libro in Lille und den Codex Camporiano festgestellt werden. Weitere Beziehungen zu verstreuten Bl\u00e4ttern, wie die bedeutenden Zeichnungen der Uffizien, werden ebenfalls deutlich.<br \/>\nDer Vergleich all dieser Quellen und das Schicksal des carnet du Louvre in den Kreisen von Cigoli, Pereisc und Cassiano dal Pozzo belegen die besondere Stellung dieser Zeichnungen innerhalb des Austausches von Formen und mannigfaltigen Informationen zwischen Florenz, Rom und Siena sowie &#8211; in einem geringeren Ma\u00df \u2013 der Region um Padua.<\/p>\n","protected":false},"excerpt":{"rendered":"<p>Cyriacus. Studien zur Rezeption der Antike. Band 7<br \/>\nVerlag Franz Philipp Rutzen Ruhpolding 2014.<br \/>\n475 Seiten mit 175 Farbabb. und ca. 50 SW-Abb., Format 21 x 30 cm, Klappenbroschur<br \/>\nISBN 978-3-447-10303-9<br \/>\n89,00 \u20ac (f\u00fcr Mitglieder: 60,00 \u20ac)<\/p>\n","protected":false},"featured_media":336,"comment_status":"open","ping_status":"closed","template":"","meta":[],"_links":{"self":[{"href":"https:\/\/shop.winckelmann-gesellschaft.com\/mitglieder\/wp-json\/wp\/v2\/product\/335"}],"collection":[{"href":"https:\/\/shop.winckelmann-gesellschaft.com\/mitglieder\/wp-json\/wp\/v2\/product"}],"about":[{"href":"https:\/\/shop.winckelmann-gesellschaft.com\/mitglieder\/wp-json\/wp\/v2\/types\/product"}],"replies":[{"embeddable":true,"href":"https:\/\/shop.winckelmann-gesellschaft.com\/mitglieder\/wp-json\/wp\/v2\/comments?post=335"}],"wp:featuredmedia":[{"embeddable":true,"href":"https:\/\/shop.winckelmann-gesellschaft.com\/mitglieder\/wp-json\/wp\/v2\/media\/336"}],"wp:attachment":[{"href":"https:\/\/shop.winckelmann-gesellschaft.com\/mitglieder\/wp-json\/wp\/v2\/media?parent=335"}],"curies":[{"name":"wp","href":"https:\/\/api.w.org\/{rel}","templated":true}]}}