{"id":305,"date":"2015-07-13T14:09:54","date_gmt":"2015-07-13T13:09:54","guid":{"rendered":"http:\/\/shop.winckelmann-gesellschaft.com\/mitglieder\/produkt\/johann-joachim-winckelmann\/"},"modified":"2017-07-19T18:07:09","modified_gmt":"2017-07-19T17:07:09","slug":"johann-joachim-winckelmann","status":"publish","type":"product","link":"https:\/\/shop.winckelmann-gesellschaft.com\/mitglieder\/produkt\/johann-joachim-winckelmann\/","title":{"rendered":"B\u00fcste Johann Joachim Winckelmann"},"content":{"rendered":"<p>Nach dem Vorbild der postum entstandenen Winckelmann-B\u00fcste von Friedrich Wilhelm Doell schuf Johann Christoph Rombrich (1731\u20131794) 1787 eine verkleinerte Biskuitb\u00fcste des Gelehrten. Rombrich, der seit 1762 als Inspektor in der F\u00fcrstenberger Manufaktur t\u00e4tig war, z\u00e4hlt heute zu den bedeutendsten Modelleuren der Manufaktur in der 2. H\u00e4lfte des 18. Jahrhunderts. Er hatte sich neben eigenen Arbeiten vor allem auf die verkleinerte Wieder-gabe von Portr\u00e4tstatuen und Bildnisb\u00fcsten spezialisiert. So schuf er neben der Winckel\u00acmann-B\u00fcste u.a. auch Biskuitb\u00fcsten von Lavater, Wieland und Rousseau. Seine B\u00fcsten, die sich durch eine sorgf\u00e4ltige Modellierung auszeichnen, erfreuten sich gro\u00dfer Beliebtheit.<\/p>\n<p>Da die Form bis heute in der F\u00fcrstenberger Porzellan-Manufaktur erhalten ist, konnte ein Nachguss der Winckelmann-B\u00fcste hergestellt werden, den wir Ihnen im Museumsshop anbieten. Bestellungen sind au\u00dferdem per Post sowie \u00fcber unseren Online-Shop m\u00f6glich.<\/p>\n","protected":false},"excerpt":{"rendered":"<p>B\u00fcste aus der Porzellan-Manufaktur F\u00fcrstenberg<br \/>\nauf quadratischem Sockel,<br \/>\nH\u00f6he 116 mm,<br \/>\nParian-Porzellan (seidenmatt)<br \/>\n(B\u00fcsten-Modell Nr. 1641)<\/p>\n<p>F\u00fcr 70,00 \u20ac erh\u00e4ltlich.<\/p>\n","protected":false},"featured_media":306,"comment_status":"open","ping_status":"closed","template":"","meta":[],"_links":{"self":[{"href":"https:\/\/shop.winckelmann-gesellschaft.com\/mitglieder\/wp-json\/wp\/v2\/product\/305"}],"collection":[{"href":"https:\/\/shop.winckelmann-gesellschaft.com\/mitglieder\/wp-json\/wp\/v2\/product"}],"about":[{"href":"https:\/\/shop.winckelmann-gesellschaft.com\/mitglieder\/wp-json\/wp\/v2\/types\/product"}],"replies":[{"embeddable":true,"href":"https:\/\/shop.winckelmann-gesellschaft.com\/mitglieder\/wp-json\/wp\/v2\/comments?post=305"}],"wp:featuredmedia":[{"embeddable":true,"href":"https:\/\/shop.winckelmann-gesellschaft.com\/mitglieder\/wp-json\/wp\/v2\/media\/306"}],"wp:attachment":[{"href":"https:\/\/shop.winckelmann-gesellschaft.com\/mitglieder\/wp-json\/wp\/v2\/media?parent=305"}],"curies":[{"name":"wp","href":"https:\/\/api.w.org\/{rel}","templated":true}]}}