{"id":296,"date":"2015-06-17T19:01:57","date_gmt":"2015-06-17T18:01:57","guid":{"rendered":"http:\/\/shop.winckelmann-gesellschaft.com\/mitglieder\/produkt\/wie-es-zum-trojanischen-krieg-kam\/"},"modified":"2015-06-17T19:48:51","modified_gmt":"2015-06-17T18:48:51","slug":"wie-es-zum-trojanischen-krieg-kam","status":"publish","type":"product","link":"https:\/\/shop.winckelmann-gesellschaft.com\/mitglieder\/produkt\/wie-es-zum-trojanischen-krieg-kam\/","title":{"rendered":"Wie es zum trojanischen Krieg kam"},"content":{"rendered":"<p>Roland Hampe mit einem Nachwort von Erika Simon<\/p>\n<p>Im Nachlass von Roland Hampe (1908 -1981) befanden sich diese Kapitel in verschiedenen Schreibmaschinen-Abz\u00fcgen, mit Zus\u00e4tzen in Handschrift. Eine der Fassungen wurde von mir herausgegeben in R. Hampe \u201eAntikes und modernes Griechenland\u201c. Kulturgeschichte der antiken Welt. Band 22 (Philipp von Zabern Mainz 1984). Daraus geht hervor dass es sich um Probekapitel f\u00fcr eine geplante Erz\u00e4hlung der griechischen Heldensage handelt.<br \/>\nDie Verwendung fr\u00fcher bildlicher Quellen beim Erz\u00e4hlen griechischer Mythen war damals etwas Neues. Im Jahrhundert zuvor hatte Gustav Schwab f\u00fcr sein ber\u00fchmtes dreib\u00e4ndiges Werk \u201eDie sch\u00f6nsten Sagen des Klassischen Altertums\u201c (1838\/40) nicht aus jenen Quellen gesch\u00f6pft. Das Fach Klassische Arch\u00e4ologie war an den Universit\u00e4ten noch nicht geboren. Die antiken Tongef\u00e4\u00dfe, auf denen die meisten Sagenbilder \u00fcberliefert sind, konnten zu Schwabes Zeit weder lokalisiert noch datiert werden. Hampe war durch die Arbeit an seiner Dissertation ber fr\u00fche griechische Sagenbilder tief in den antiken Mythos eingedrungen. In dem uns verlorenen Epos KYPRIA ging es um die Vorgeschichte und die Anfangsjahre des langen trojanischen Krieges.<br \/>\nDer Plan des jungen Arch\u00e4ologen, den griechischen Mythos neu zu erz\u00e4hlen, fiel dem damaligen politischen Geschehen zum Opfer. Im Herbst 1939 musste Hampe als Soldat in den Krieg. Er verlor dadurch kostbare Jahre seines wissenschaftlichen Lebens. Nach seiner R\u00fcckkehr erhielt er 1946 einen Ruf an die Universit\u00e4t Kiel. Es handelte sich um die Wiederholung eines fr\u00fcheren Rufes, den der nationalsozialistische Staat, weil Hampe kein Parteimitglied war, verhindert hatte.<br \/>\nNach dem Krieg wurde Roland Hampe noch zweimal auf einen Lehrstuhl berufen: zun\u00e4chst nach Mainz, dann nach Heidelberg. Die dort anstehenden Arbeiten verhinderten leider die Fortsetzung und Vollendung des hier vorliegenden Introitus zum trojanischen Krieg.<\/p>\n","protected":false},"excerpt":{"rendered":"<p>ca. 60 Seiten mit ca. 12 Farb- und Schwarzwei\u00dfabbildungen, Pappband, 25,00 \u20ac<br \/>\n2015 Verlag Franz Philipp Rutzen Ruhpolding und Mainz, in Kommission bei Harrassowitz Verlag<br \/>\nund Winckelmann-Gesellschaft<br \/>\nISBN 978-3-447-10420<br \/>\nPreis f\u00fcr Mitglieder 15,00 \u20ac<\/p>\n<p><font color=\"blue\">Zusammen mit DAS URTEIL DES PARIS (17,50 \u20ac)<br \/>\nstatt 32,50 \u20ac nur 27,50 \u20ac<\/font><\/p>\n","protected":false},"featured_media":297,"comment_status":"open","ping_status":"closed","template":"","meta":[],"_links":{"self":[{"href":"https:\/\/shop.winckelmann-gesellschaft.com\/mitglieder\/wp-json\/wp\/v2\/product\/296"}],"collection":[{"href":"https:\/\/shop.winckelmann-gesellschaft.com\/mitglieder\/wp-json\/wp\/v2\/product"}],"about":[{"href":"https:\/\/shop.winckelmann-gesellschaft.com\/mitglieder\/wp-json\/wp\/v2\/types\/product"}],"replies":[{"embeddable":true,"href":"https:\/\/shop.winckelmann-gesellschaft.com\/mitglieder\/wp-json\/wp\/v2\/comments?post=296"}],"wp:featuredmedia":[{"embeddable":true,"href":"https:\/\/shop.winckelmann-gesellschaft.com\/mitglieder\/wp-json\/wp\/v2\/media\/297"}],"wp:attachment":[{"href":"https:\/\/shop.winckelmann-gesellschaft.com\/mitglieder\/wp-json\/wp\/v2\/media?parent=296"}],"curies":[{"name":"wp","href":"https:\/\/api.w.org\/{rel}","templated":true}]}}