{"id":293,"date":"2015-03-31T15:16:52","date_gmt":"2015-03-31T14:16:52","guid":{"rendered":"http:\/\/shop.winckelmann-gesellschaft.com\/mitglieder\/produkt\/das-urteil-des-paris\/"},"modified":"2015-06-17T19:45:19","modified_gmt":"2015-06-17T18:45:19","slug":"das-urteil-des-paris","status":"publish","type":"product","link":"https:\/\/shop.winckelmann-gesellschaft.com\/mitglieder\/produkt\/das-urteil-des-paris\/","title":{"rendered":"Das Urteil des Paris"},"content":{"rendered":"<p><strong>Das Urteil des Paris<\/strong><\/p>\n<p><em>Grafik und Exlibris aus der Sammlung Dr. Peter Labuhn<\/em><\/p>\n<p>Der Stendaler Arzt Dr. Peter Labuhn hat \u00fcber Jahrzehnte Graphiken<br \/>\nzum Thema \u201eDas Urteil des Paris\u201c gesammelt bzw. Exlibris direkt bei den<br \/>\nK\u00fcnstlern in Auftrag gegeben. Aus ihrer streng funktionalen Eigenschaft<br \/>\nals gedruckte Bucheignerzeichen vom Ende des 15. Jahrhunderts haben<br \/>\nsich die Exlibris bis heute zu begehrten Sammelobjekten in den verschiedensten<br \/>\ngraphischen Techniken entwickelt. Dabei hat sich die Verbindung<br \/>\nzum Buch im Laufe der Zeit gelockert. Sp\u00e4testens seit der 2. H\u00e4lfte des<br \/>\n20. Jahrhunderts steht die thematische Aussage im Vordergrund, die die<br \/>\nSammler bei der Auftragserteilung dem K\u00fcnstler als Aufgabe \u00fcbertragen.<br \/>\nErg\u00e4nzt wird die Sammlung durch 80 Graphiken.<\/p>\n<p>Es ist spannend, die individuelle Sicht der K\u00fcnstler und ihre unterschiedliche<br \/>\nInterpretation des Themas n\u00e4her zu betrachten. Der junge trojanische<br \/>\nPrinz Paris entschied sich beim Sch\u00f6nheitswettbewerb zwischen den<br \/>\ndrei m\u00e4chtigsten olympischen G\u00f6ttinnen f\u00fcr die Liebesg\u00f6ttin Aphrodite,<br \/>\nnachdem diese ihm Helena \u2013 die sch\u00f6nste Frau der Welt \u2013 versprochen<br \/>\nhatte. In der Folge l\u00f6ste er damit den Trojanischen Krieg aus. Der Mythos<br \/>\nbefl\u00fcgelt die Phantasie der K\u00fcnstler bis heute. Mit Sch\u00f6nheit, Liebe und<br \/>\nErotik ebenso wie mit Zank, Zwietracht und Zerst\u00f6rung ist er voll von<br \/>\nemotionalem Sprengstoff.<\/p>\n<p>Dankenswerterweise stellt der Sammler nun seine Sammlung, in der<br \/>\n\u00fcber 100 K\u00fcnstler aus 23 L\u00e4ndern vertreten sind und mit denen er zumeist<br \/>\nselbst auch in pers\u00f6nlichen Kontakt steht oder korrespondiert, dem<br \/>\nWinckelmann-Museum f\u00fcr eine Sonderausstellung zur Verf\u00fcgung. Zahlreiche<br \/>\nGraphiker, darunter renommierte K\u00fcnstler wie Wolfgang B\u00f6ttcher,<br \/>\nErnst Hassebrauk, Hans Ticha oder Karl-Georg Hirsch, offenbaren hier<br \/>\nihre ganz pers\u00f6nliche Sicht mit heiterem oder gelehrsamem, ironischem<br \/>\noder auch nachdenklichem Blick auf die Antike.<\/p>\n","protected":false},"excerpt":{"rendered":"<p>96 Seiten mit 220 Farb- und Schwarzwei\u00dfabbildungen, Klappenbroschuer, 30.00 \u20ac<br \/>\n2015 Verlag Franz Philipp Rutzen Ruhpolding und Mainz, Harrassowitz Verlag<br \/>\nund Winckelmann-Gesellschaft<br \/>\nISBN 978-3-447-10404-3<br \/>\nPreis f\u00fcr Mitglieder 17,50 \u20ac<\/p>\n<p><font color=\"blue\">Zusammen mit Roland Hampe WIE ES ZUM TROJANISCHEN KRIEG KAM (15,00 \u20ac)<br \/>\nstatt 32,50 \u20ac nur 27,50 \u20ac<\/font><\/p>\n","protected":false},"featured_media":294,"comment_status":"open","ping_status":"closed","template":"","meta":[],"_links":{"self":[{"href":"https:\/\/shop.winckelmann-gesellschaft.com\/mitglieder\/wp-json\/wp\/v2\/product\/293"}],"collection":[{"href":"https:\/\/shop.winckelmann-gesellschaft.com\/mitglieder\/wp-json\/wp\/v2\/product"}],"about":[{"href":"https:\/\/shop.winckelmann-gesellschaft.com\/mitglieder\/wp-json\/wp\/v2\/types\/product"}],"replies":[{"embeddable":true,"href":"https:\/\/shop.winckelmann-gesellschaft.com\/mitglieder\/wp-json\/wp\/v2\/comments?post=293"}],"wp:featuredmedia":[{"embeddable":true,"href":"https:\/\/shop.winckelmann-gesellschaft.com\/mitglieder\/wp-json\/wp\/v2\/media\/294"}],"wp:attachment":[{"href":"https:\/\/shop.winckelmann-gesellschaft.com\/mitglieder\/wp-json\/wp\/v2\/media?parent=293"}],"curies":[{"name":"wp","href":"https:\/\/api.w.org\/{rel}","templated":true}]}}