{"id":203,"date":"2014-03-17T13:44:31","date_gmt":"2014-03-17T12:44:31","guid":{"rendered":"http:\/\/shop.winckelmann-gesellschaft.com\/mitglieder\/produkt\/schadow-in-rom-zeichnungen-von-johann-gottfried-schadow-aus-den-jahren-1785-bis-1787-kopieren\/"},"modified":"2014-03-17T15:19:03","modified_gmt":"2014-03-17T14:19:03","slug":"schadow-in-rom-zeichnungen-von-johann-gottfried-schadow-aus-den-jahren-1785-bis-1787-kopieren","status":"publish","type":"product","link":"https:\/\/shop.winckelmann-gesellschaft.com\/mitglieder\/produkt\/schadow-in-rom-zeichnungen-von-johann-gottfried-schadow-aus-den-jahren-1785-bis-1787-kopieren\/","title":{"rendered":"Wolfgang von Wangenheim: Kampf um Rom"},"content":{"rendered":"<p>Das Rom der Neuzeit war der kulturelle Mittelpunkt Europas und das Epizentrum der Antike; aus seinem Schutt wurden Sch\u00e4tze geborgen, auf seinen Weiden entstanden Pal\u00e4ste so pr\u00e4chtig wie ihre zerfallenen Vorg\u00e4nger. Seine Landschaft malten K\u00fcnstler aller Herren L\u00e4nder. Gleichzeitig wollte Paris das neue Rom werden und das alte \u00fcbertreffen. Die hier versammelten Bilder und Texte, entstanden \u00fcberwiegend im 18. Jahrhundert, k\u00fcnden von einem Wettstreit, von einer unverw\u00fcstlichen Sehnsucht, einer zeitlosen Mode: von Erneuerung und Verewigung der klassischen Antike.<\/p>\n<p>Aus dem Inhalt:<br \/>\nKavalierstour   DAS 18. JAHRHUNDERT BLICKT AUF ROM<br \/>\nRinascimento   EIN NEUER CAESAR BAUT<br \/>\nRenaissance   PARIS GREIFT EIN<br \/>\nAntiquit\u00e9s   ORIGINALGETREUE WIEDERGABEN<br \/>\nAmor perennis   ANTIKER MYTHOS AUS CHRISTLICHER SICHT<br \/>\nL\u2018Empire   ROM WIRD NACH PARIS GEHOLT<\/p>\n","protected":false},"excerpt":{"rendered":"<p>Bilder und Texte zum Nachleben der Antike   Hrsg. von Max Kunze Stendal 1013 188 Seiten mit 118 Farb- und Schwarzwei\u00dfabbildungen ISBN 3-910060-87-0 25 \u20ac (f\u00fcr Mitglieder: 17,50 \u20ac)<\/p>\n","protected":false},"featured_media":204,"comment_status":"open","ping_status":"closed","template":"","meta":[],"_links":{"self":[{"href":"https:\/\/shop.winckelmann-gesellschaft.com\/mitglieder\/wp-json\/wp\/v2\/product\/203"}],"collection":[{"href":"https:\/\/shop.winckelmann-gesellschaft.com\/mitglieder\/wp-json\/wp\/v2\/product"}],"about":[{"href":"https:\/\/shop.winckelmann-gesellschaft.com\/mitglieder\/wp-json\/wp\/v2\/types\/product"}],"replies":[{"embeddable":true,"href":"https:\/\/shop.winckelmann-gesellschaft.com\/mitglieder\/wp-json\/wp\/v2\/comments?post=203"}],"wp:featuredmedia":[{"embeddable":true,"href":"https:\/\/shop.winckelmann-gesellschaft.com\/mitglieder\/wp-json\/wp\/v2\/media\/204"}],"wp:attachment":[{"href":"https:\/\/shop.winckelmann-gesellschaft.com\/mitglieder\/wp-json\/wp\/v2\/media?parent=203"}],"curies":[{"name":"wp","href":"https:\/\/api.w.org\/{rel}","templated":true}]}}