{"id":189,"date":"2014-06-30T13:55:55","date_gmt":"2014-06-30T12:55:55","guid":{"rendered":"http:\/\/shop.winckelmann-gesellschaft.com\/mitglieder\/produkt\/vom-nil-aus-um-die-alte-welt-rekonstruktionen-aegyptischer-minoischer-und-griechischer-schiffe\/"},"modified":"2014-07-05T21:22:59","modified_gmt":"2014-07-05T20:22:59","slug":"vom-nil-aus-um-die-alte-welt-rekonstruktionen-aegyptischer-minoischer-und-griechischer-schiffe","status":"publish","type":"product","link":"https:\/\/shop.winckelmann-gesellschaft.com\/mitglieder\/produkt\/vom-nil-aus-um-die-alte-welt-rekonstruktionen-aegyptischer-minoischer-und-griechischer-schiffe\/","title":{"rendered":"Vom Nil aus um die Alte Welt Rekonstruktionen \u00e4gyptischer, minoischer und griechischer Schiffe"},"content":{"rendered":"<p>Der Nil war f\u00fcr die alt\u00e4gyptische Kultur die zentrale Lebensader und Hauptverkehrsweg f\u00fcr Handel und Materialtransport. Ebenso fanden Prozessionsfeste und Vergn\u00fcgungsfahrten zu Wasser statt. Auch die Minoische Kultur gr\u00fcndete ihren Wohlstand auf der Seefahrt. Durch die zentrale Insellage beg\u00fcnstigt, stand Kreta in regem Handelskontakt mit den Mittelmeerkulturen. Einige Jahrhunderte sp\u00e4ter, vom 8. bis 6. Jh. v. Chr., gelang es den Griechen dank ihrer Schiffstechnologie, Kolonien zu gr\u00fcnden und so ihren Einflussbereich im Mittelmeerraum entscheidend auszudehnen. Anhand arch\u00e4ologischer Zeugnisse und antiker Schriftquellen besch\u00e4ftigt sich Michael Bormann seit vielen Jahren mit der Rekonstruktion antiker Schiffe und baut in Kleinstarbeit detaillierte Modelle. Seine Rekonstruktionen bilden den roten Faden der Ausstellung, in der u.a. auch zwei h\u00f6lzerne Boote aus der Zeit um 2000 v. Chr. und weitere Originalexponate antiker Keramik und Kleinkunst sowie Reproduktionen von \u00e4gyptischen Reliefs gezeigt wurden. Au\u00dferdem befasst sich ein Themenbereich mit der Wiederentdeckung der antiken Schifffahrt in der antiquarischen Forschung von der Renaissance bis Winckelmann. Der Katalog enth\u00e4lt Beitr\u00e4ge von Michael Bormann, Stephanie-Gerrit Bruer, Veit St\u00fcrmer u.a.<\/p>\n","protected":false},"excerpt":{"rendered":"<p>Verlag Franz Philipp Rutzen Ruhpolding und Mainz und in Kommission bei Harrassowitz Verlag, 2013. Hrsg. von Max Kunze, 96 Seiten mit 145 Farbabbildungen. ISBN 3-447-06956-4 30 \u20ac (f\u00fcr Mitglieder: 15 \u20ac)<\/p>\n","protected":false},"featured_media":202,"comment_status":"open","ping_status":"closed","template":"","meta":[],"_links":{"self":[{"href":"https:\/\/shop.winckelmann-gesellschaft.com\/mitglieder\/wp-json\/wp\/v2\/product\/189"}],"collection":[{"href":"https:\/\/shop.winckelmann-gesellschaft.com\/mitglieder\/wp-json\/wp\/v2\/product"}],"about":[{"href":"https:\/\/shop.winckelmann-gesellschaft.com\/mitglieder\/wp-json\/wp\/v2\/types\/product"}],"replies":[{"embeddable":true,"href":"https:\/\/shop.winckelmann-gesellschaft.com\/mitglieder\/wp-json\/wp\/v2\/comments?post=189"}],"wp:featuredmedia":[{"embeddable":true,"href":"https:\/\/shop.winckelmann-gesellschaft.com\/mitglieder\/wp-json\/wp\/v2\/media\/202"}],"wp:attachment":[{"href":"https:\/\/shop.winckelmann-gesellschaft.com\/mitglieder\/wp-json\/wp\/v2\/media?parent=189"}],"curies":[{"name":"wp","href":"https:\/\/api.w.org\/{rel}","templated":true}]}}