{"id":187,"date":"2014-01-01T00:41:29","date_gmt":"2013-12-31T23:41:29","guid":{"rendered":"http:\/\/shop.winckelmann-gesellschaft.com\/mitglieder\/produkt\/auf-zum-olymp-antike-in-kinderbuechern-aus-sechs-jahrhunderten\/"},"modified":"2014-07-05T21:42:39","modified_gmt":"2014-07-05T20:42:39","slug":"auf-zum-olymp-antike-in-kinderbuechern-aus-sechs-jahrhunderten","status":"publish","type":"product","link":"https:\/\/shop.winckelmann-gesellschaft.com\/mitglieder\/produkt\/auf-zum-olymp-antike-in-kinderbuechern-aus-sechs-jahrhunderten\/","title":{"rendered":"Auf zum Olymp. Antike in Kinderb\u00fcchern aus sechs Jahrhunderten."},"content":{"rendered":"<p>Eine Ausstellung des Winckelmann-Museums in Zusammenarbeit mit der Kinder- und Jugendbuchabteilung der Staatsbibliothek zu Berlin Preu\u00dfischer Kulturbesitz.<br \/>\nNach der Ausstellung in Stendal ab 15.6. 2007 in Haltern.<\/p>\n<p>Nicht nur die G\u00f6tter und Heroen finden sich in den Kinderb\u00fcchern f\u00fcr die Schule und f\u00fcr zu Hause von 1529 bis 2005. Die Gro\u00dfen der Antike, Alltagsgebr\u00e4uche und religi\u00f6se Sitten, die antiken St\u00e4tten und die Weltwunder z\u00e4hlen ebenso zum Stoff, den man Kindern vermitteln wollte. Selbstverst\u00e4ndliche Lehrmittel waren Sprachb\u00fccher zum Erlernen der antiken Sprachen, Schulausgaben der lateinischen und griechischen Autoren, Geschichtsb\u00fccher, Lexika und Enzyklop\u00e4dien. In B\u00fcchern zur moralischen Belehrung dienten abschreckende und motivierende Beispiele aus der Antike als p\u00e4dagogisches Instrument. Kinderzeitschriften, Bilderb\u00fccher, Weltgeschichten f\u00fcr Kinder, Tierfabeln, B\u00fccher f\u00fcr M\u00e4dchen boten das klassische Altertum als vergn\u00fcglichen Zeitvertreib<br \/>\nan. Die Ausstellung m\u00f6chte den unterschiedlichen Umgang mit antikem Wissen und den Kenntnissen \u00fcber die Antike und deren Vermittlung im Laufe der Jahrhunderte aufzeigen. Den 180 Exponaten (B\u00fccher, Bilderb\u00f6gen- und Tafeln, Zeichnungen von Kinderbuch-Illustratoren) ist ein Katalog gewidmet, in dem jedes Ausstellungsobjekt einschlie\u00dflich einer oder mehrerer Abbildungen erl\u00e4utert<br \/>\nwird. Textbeitr\u00e4ge zur Erziehung in der Neuzeit, zum Verlag Otto Spamer und zu Franz F\u00fchmann erweitern den Einblick in einen bisher wenig beachteten Bereich der europ\u00e4ischen Kulturgeschichte. Katalog mit Beitr\u00e4gen von Kathrin Bergemann, Christoph Helm, Eva Hofstetter, Agnes Kunze, Heinrich Pleticha, Carola Pohlmann.<\/p>\n","protected":false},"excerpt":{"rendered":"<p>Hrsg. von Max Kunze.<br \/>\nVerlag Franz Philipp Rutzen<br \/>\nRuhpolding und Mainz 2005<br \/>\n212 Seiten mit 129 Farb- und 165<br \/>\nSchwarzwei\u00dfabbildungen.<br \/>\nISBN 3-938646-11-X<br \/>\n14,50 Euro (f\u00fcr Mitglieder 7,25 Euro)<\/p>\n","protected":false},"featured_media":190,"comment_status":"open","ping_status":"closed","template":"","meta":[],"_links":{"self":[{"href":"https:\/\/shop.winckelmann-gesellschaft.com\/mitglieder\/wp-json\/wp\/v2\/product\/187"}],"collection":[{"href":"https:\/\/shop.winckelmann-gesellschaft.com\/mitglieder\/wp-json\/wp\/v2\/product"}],"about":[{"href":"https:\/\/shop.winckelmann-gesellschaft.com\/mitglieder\/wp-json\/wp\/v2\/types\/product"}],"replies":[{"embeddable":true,"href":"https:\/\/shop.winckelmann-gesellschaft.com\/mitglieder\/wp-json\/wp\/v2\/comments?post=187"}],"wp:featuredmedia":[{"embeddable":true,"href":"https:\/\/shop.winckelmann-gesellschaft.com\/mitglieder\/wp-json\/wp\/v2\/media\/190"}],"wp:attachment":[{"href":"https:\/\/shop.winckelmann-gesellschaft.com\/mitglieder\/wp-json\/wp\/v2\/media?parent=187"}],"curies":[{"name":"wp","href":"https:\/\/api.w.org\/{rel}","templated":true}]}}