{"id":173,"date":"2014-01-01T00:33:41","date_gmt":"2013-12-31T23:33:41","guid":{"rendered":"http:\/\/shop.winckelmann-gesellschaft.com\/mitglieder\/produkt\/winckelmann-und-aegypten-die-wiederentdeckung-der-aegyptischen-kunst-im-18-jahrhundert\/"},"modified":"2014-07-05T21:46:28","modified_gmt":"2014-07-05T20:46:28","slug":"winckelmann-und-aegypten-die-wiederentdeckung-der-aegyptischen-kunst-im-18-jahrhundert","status":"publish","type":"product","link":"https:\/\/shop.winckelmann-gesellschaft.com\/mitglieder\/produkt\/winckelmann-und-aegypten-die-wiederentdeckung-der-aegyptischen-kunst-im-18-jahrhundert\/","title":{"rendered":"Winckelmann und \u00c4gypten. Die Wiederentdeckung der \u00e4gyptischen Kunst im 18. Jahrhundert."},"content":{"rendered":"<p>Winckelmann war der erste, der den Blick auf die \u00e4gyptische Kunst gelenkt hat. Im Mittelpunkt seiner Forschungen standen Statuen von G\u00f6ttern, aber auch Darstellungen von Mumien. Bereits in<br \/>\nDresden hatte er zwei Mumien (eines Mannes und einer Frau) in der Sammlung des s\u00e4chsischen K\u00f6nigs gesehen und beschrieben. In seinem Hauptwerk, der \u00bbGeschichte der Kunst des Altertums\u00ab, ging Winckelmann ausf\u00fchrlich auf die Entwicklung der \u00e4gyptischen Kunst ein und regte damit zur Besch\u00e4ftigung mit der geheimnisvollen Kultur, deren Schrift noch nicht entziffert war, an. Der Katalog enth\u00e4lt Beitr\u00e4ge von Max Kunze, Alfred Grimm u.a..<\/p>\n","protected":false},"excerpt":{"rendered":"<p>Max Kunze (Hrsg.)<br \/>\nStendal 2003<br \/>\n148 Seiten mit zahlreichen, teils farbigen<br \/>\nAbbildungen.<br \/>\nISBN 3-910060-54-4<br \/>\n24,80 Euro (f\u00fcr Mitglieder 11,50 Euro)<\/p>\n","protected":false},"featured_media":174,"comment_status":"open","ping_status":"closed","template":"","meta":[],"_links":{"self":[{"href":"https:\/\/shop.winckelmann-gesellschaft.com\/mitglieder\/wp-json\/wp\/v2\/product\/173"}],"collection":[{"href":"https:\/\/shop.winckelmann-gesellschaft.com\/mitglieder\/wp-json\/wp\/v2\/product"}],"about":[{"href":"https:\/\/shop.winckelmann-gesellschaft.com\/mitglieder\/wp-json\/wp\/v2\/types\/product"}],"replies":[{"embeddable":true,"href":"https:\/\/shop.winckelmann-gesellschaft.com\/mitglieder\/wp-json\/wp\/v2\/comments?post=173"}],"wp:featuredmedia":[{"embeddable":true,"href":"https:\/\/shop.winckelmann-gesellschaft.com\/mitglieder\/wp-json\/wp\/v2\/media\/174"}],"wp:attachment":[{"href":"https:\/\/shop.winckelmann-gesellschaft.com\/mitglieder\/wp-json\/wp\/v2\/media?parent=173"}],"curies":[{"name":"wp","href":"https:\/\/api.w.org\/{rel}","templated":true}]}}