{"id":167,"date":"2014-01-01T00:56:28","date_gmt":"2013-12-31T23:56:28","guid":{"rendered":"http:\/\/shop.winckelmann-gesellschaft.com\/mitglieder\/produkt\/andreas-hillert-anny-schroeder-griechische-visionen\/"},"modified":"2014-07-05T21:36:07","modified_gmt":"2014-07-05T20:36:07","slug":"andreas-hillert-anny-schroeder-griechische-visionen","status":"publish","type":"product","link":"https:\/\/shop.winckelmann-gesellschaft.com\/mitglieder\/produkt\/andreas-hillert-anny-schroeder-griechische-visionen\/","title":{"rendered":"Andreas Hillert: ANNY SCHR\u00d6DER. Griechische Visionen."},"content":{"rendered":"<p>Die K\u00fcnstlerin Anny Schr\u00f6der, 1898 in Wien geboren und 1972 in Bad Segeberg verstorben, war und ist bislang eine weitgehend vergessene K\u00fcnstlerin. Die Fachliteratur kennt sie kaum. Gelegentlich<br \/>\ntaucht ihr Name als Marginalie der Wiener Werkst\u00e4tte f\u00fcr Kunsthandwerk auf. Insofern konnte man ihr bisher nur zuf\u00e4llig begegnen. Zu Lebzeiten erhielt sie die verdiente Anerkennung als K\u00fcnstlerin lediglich \u00fcber ihre Holzdruckserie mit 27 Bl\u00e4ttern zu den Griechischen Visionen, die im Winckelmann-Museum zu sehen ist. Weitere Serien zur Theogonie und zur Apokalypse folgten, die aber entgegen den Griechischen Visionen zu Schr\u00f6ders Lebzeiten nicht publiziert wurden. Ihren Lebensunterhalt verdiente sie sich vorwiegend mit der Illustration von B\u00fcchern mit Holzund Bleischnitten. Zu nennen sind an dieser Stelle die Illustrationen zu der 1933 in deutscher Sprache erschienen Ausgabe von Paul Claudes Der seidene Schuh, Charles de Costers Ulenspiegel von 1943 und Dante Alighieris G\u00f6ttliche Kom\u00f6die von 1940. Zahlreiche Druckarbeiten zu nicht weniger zahlreichen Gesellschaftsromanen folgten.<\/p>\n","protected":false},"excerpt":{"rendered":"<p>Hrsg. im Auftrag der<br \/>\nWinckelmann-Gesellschaft von<br \/>\nMax Kunze, Stendal 2010<br \/>\n64 Seiten mit 126<br \/>\nSchwarzwei\u00dfabbildungen.<br \/>\nISBN 3-910060-81-1<br \/>\n20,00 Euro (Mitglieder 14,00 Euro)<\/p>\n","protected":false},"featured_media":168,"comment_status":"open","ping_status":"closed","template":"","meta":[],"_links":{"self":[{"href":"https:\/\/shop.winckelmann-gesellschaft.com\/mitglieder\/wp-json\/wp\/v2\/product\/167"}],"collection":[{"href":"https:\/\/shop.winckelmann-gesellschaft.com\/mitglieder\/wp-json\/wp\/v2\/product"}],"about":[{"href":"https:\/\/shop.winckelmann-gesellschaft.com\/mitglieder\/wp-json\/wp\/v2\/types\/product"}],"replies":[{"embeddable":true,"href":"https:\/\/shop.winckelmann-gesellschaft.com\/mitglieder\/wp-json\/wp\/v2\/comments?post=167"}],"wp:featuredmedia":[{"embeddable":true,"href":"https:\/\/shop.winckelmann-gesellschaft.com\/mitglieder\/wp-json\/wp\/v2\/media\/168"}],"wp:attachment":[{"href":"https:\/\/shop.winckelmann-gesellschaft.com\/mitglieder\/wp-json\/wp\/v2\/media?parent=167"}],"curies":[{"name":"wp","href":"https:\/\/api.w.org\/{rel}","templated":true}]}}