{"id":165,"date":"2014-01-01T00:52:35","date_gmt":"2013-12-31T23:52:35","guid":{"rendered":"http:\/\/shop.winckelmann-gesellschaft.com\/mitglieder\/produkt\/antike-kunstwerke-aus-einer-norddeutschen-privatsammlung\/"},"modified":"2014-07-05T21:32:33","modified_gmt":"2014-07-05T20:32:33","slug":"antike-kunstwerke-aus-einer-norddeutschen-privatsammlung","status":"publish","type":"product","link":"https:\/\/shop.winckelmann-gesellschaft.com\/mitglieder\/produkt\/antike-kunstwerke-aus-einer-norddeutschen-privatsammlung\/","title":{"rendered":"Antike Kunstwerke. Aus einer norddeutschen Privatsammlung."},"content":{"rendered":"<p>Das private Sammeln von Kunst hat in Hamburg eine lange Tradition. Ein exquisites Beispiel aus j\u00fcngerer Zeit stellt eine Sammlung antiker Kunst dar, die im Stendaler Winckelmann-Museum<br \/>\nvom 2. November 2008 bis 25. Januar 2009 zu sehen war. Der Katalog zur Ausstellung \u201eAntike Kunstwerke aus einer norddeutschen Privatsammlung\u201c stellt die \u00fcber 100 Artefakte aus allen wichtigen Kulturepochen und Regionen der Alten Welt \u2013 vom Nil bis an den Indus vor. Zahlreiche \u00e4gyptische Kunstwerke geben ein lebendiges Bild einer der \u00e4ltesten Hochkulturen der Welt. Griechen, Etrusker und R\u00f6mer sind mit Werken der Steinplastik, Bronzen, Terrakotten und M\u00fcnzen vertreten. Von den V\u00f6lkern aus den Randbereichen des Mittelmeerraums zeugen unter anderem Objekte der Skythen und Parther bis hin zu der griechisch beeinflu\u00dften buddhistischen Kunst von Gandhara. Der Katalog enth\u00e4lt Beitr\u00e4ge von S.-G. Bruer, E. Hofstetter, S. Kansteiner, M. Kunze, A. Leibundgut-Maye, A. R\u00fcgler, R.-B. Wartke, K. Wei\u00df u.a.<\/p>\n","protected":false},"excerpt":{"rendered":"<p>Hrsg. im Auftrag der<br \/>\nWinckelmann-Gesellschaft von<br \/>\nMax Kunze Stendal,<br \/>\nVerlag Franz Philipp Rutzen<br \/>\nRuhpolding und Mainz 2008<br \/>\n108 Seiten mit 326 Farbabbildungen.<br \/>\nISBN 978-3-938646-38-0<br \/>\n36,00 Euro (Mitglieder 18,00 Euro)<\/p>\n","protected":false},"featured_media":166,"comment_status":"open","ping_status":"closed","template":"","meta":[],"_links":{"self":[{"href":"https:\/\/shop.winckelmann-gesellschaft.com\/mitglieder\/wp-json\/wp\/v2\/product\/165"}],"collection":[{"href":"https:\/\/shop.winckelmann-gesellschaft.com\/mitglieder\/wp-json\/wp\/v2\/product"}],"about":[{"href":"https:\/\/shop.winckelmann-gesellschaft.com\/mitglieder\/wp-json\/wp\/v2\/types\/product"}],"replies":[{"embeddable":true,"href":"https:\/\/shop.winckelmann-gesellschaft.com\/mitglieder\/wp-json\/wp\/v2\/comments?post=165"}],"wp:featuredmedia":[{"embeddable":true,"href":"https:\/\/shop.winckelmann-gesellschaft.com\/mitglieder\/wp-json\/wp\/v2\/media\/166"}],"wp:attachment":[{"href":"https:\/\/shop.winckelmann-gesellschaft.com\/mitglieder\/wp-json\/wp\/v2\/media?parent=165"}],"curies":[{"name":"wp","href":"https:\/\/api.w.org\/{rel}","templated":true}]}}