{"id":153,"date":"2014-01-01T00:47:00","date_gmt":"2013-12-31T23:47:00","guid":{"rendered":"http:\/\/shop.winckelmann-gesellschaft.com\/mitglieder\/produkt\/max-kunze-reinhardt-stupperich-u-a-der-pfaelzer-apoll-kurfuerst-carl-theodor-und-die-antike-an-rhein-und-neckar\/"},"modified":"2014-07-05T21:33:53","modified_gmt":"2014-07-05T20:33:53","slug":"max-kunze-reinhardt-stupperich-u-a-der-pfaelzer-apoll-kurfuerst-carl-theodor-und-die-antike-an-rhein-und-neckar","status":"publish","type":"product","link":"https:\/\/shop.winckelmann-gesellschaft.com\/mitglieder\/produkt\/max-kunze-reinhardt-stupperich-u-a-der-pfaelzer-apoll-kurfuerst-carl-theodor-und-die-antike-an-rhein-und-neckar\/","title":{"rendered":"Max Kunze, Reinhardt Stupperich u.a.: Der Pf\u00e4lzer Apoll. Kurf\u00fcrst Carl Theodor und die Antike an Rhein und Neckar."},"content":{"rendered":"<p>Kurf\u00fcrst Carl Theodor von der Pfalz (1724\u20131799), Zeitgenosse Friedrichs II. von Preu\u00dfen und der Maria Theresia von \u00d6sterreich, war ein von seinen Mitmenschen beneideter F\u00fcrst. Herrscher \u00fcber gro\u00dfe Gebiete an Rhein und Neckar, sp\u00e4ter auch Erbe des Kurf\u00fcrstentums Bayern, verwandelte er in langen Friedensperioden seine Residenzen, besonders Mannheim, in strahlende Kulturmetropolen des 18. Jh. Carl Theodor konnte auf den wertvollen Kunstbesitz seiner Vorg\u00e4nger ebenso zur\u00fcckgreifen, wie er selbst als Sammler t\u00e4tig wurde. Der Katalog zeigt, wie Musik und Theater sich thematisch an der Antike orientierten, die Porzellane der bekannten Frankenthaler Manufaktur mit antiken Motiven dekoriert oder eine der gro\u00dfen Bibliotheken Deutschlands im Mannheimer Schlo\u00df aufgebaut wurden. In seinem Residenzschlo\u00df fand auch das \u201eAntiquarium\u201c Platz, das antike Skulpturen und zahlreiche Kleinbronzen enthielt. Im Sinne der Aufkl\u00e4rung profilierte sich Carl Theodor zudem als F\u00f6rderer des Akademiewesens: Er richtete die Kurpf\u00e4lzische Akademie der Wissenschaften ein, die sich der zwischen Rhein und Neckar gefundenen r\u00f6mischen Bauwerke und Funde annahm und eine erste Bodendenkmalpflege in Deutschland ins Leben rief. Der Antikensaal der \u201eZeichnungsakademie\u201c enthielt Abg\u00fcsse ber\u00fchmter Plastiken, die zur Ausbildung junger K\u00fcnstler zur Verf\u00fcgung standen. Er wurde zu einem Wallfahrtsort, von dem Goethe, Schiller oder Herder nachhaltige Eindr\u00fccke erhielten.<\/p>\n","protected":false},"excerpt":{"rendered":"<p>Hrsg. im Auftrag der<br \/>\nWinckelmann-Gesellschaft von<br \/>\nMax Kunze Stendal,<br \/>\nVerlag Franz Philipp Rutzen<br \/>\nRuhpolding und Mainz 2007.<br \/>\n232 Seiten, 175 Farbabbildungen.<br \/>\nISBN 3-93-8646-23-6<br \/>\n39,00 Euro (Mitglieder 24,50 Euro)<\/p>\n","protected":false},"featured_media":154,"comment_status":"open","ping_status":"closed","template":"","meta":[],"_links":{"self":[{"href":"https:\/\/shop.winckelmann-gesellschaft.com\/mitglieder\/wp-json\/wp\/v2\/product\/153"}],"collection":[{"href":"https:\/\/shop.winckelmann-gesellschaft.com\/mitglieder\/wp-json\/wp\/v2\/product"}],"about":[{"href":"https:\/\/shop.winckelmann-gesellschaft.com\/mitglieder\/wp-json\/wp\/v2\/types\/product"}],"replies":[{"embeddable":true,"href":"https:\/\/shop.winckelmann-gesellschaft.com\/mitglieder\/wp-json\/wp\/v2\/comments?post=153"}],"wp:featuredmedia":[{"embeddable":true,"href":"https:\/\/shop.winckelmann-gesellschaft.com\/mitglieder\/wp-json\/wp\/v2\/media\/154"}],"wp:attachment":[{"href":"https:\/\/shop.winckelmann-gesellschaft.com\/mitglieder\/wp-json\/wp\/v2\/media?parent=153"}],"curies":[{"name":"wp","href":"https:\/\/api.w.org\/{rel}","templated":true}]}}